1 + -8.
-41
What is the value of -88 - (56 - 78 - 26)?
-40
What is the value of -15 + (7 - 1) + -3 + -14 + 71?
45
What is 34 + 0 + (-4 - (-28 + -20 + 48))?
30
Calculate 0 - (-3 + (9 - 3)) - (53 + 2 - 57).
-1
What is (-11 + -1 + 8 - 71) + (139 - 132)?
-68
(24 - 42 - -20) + (3 - 2) + 10
13
-42 - (18 + -61) - (0 - -3)
-2
-37 + (32 - (61 - 17))
-49
Evaluate 6 + (-15 - 74 - 4) + (-23 - -9).
-101
Calculate 97 + (-204 - -100) - (-80 - -1 - -1).
71
What is the value of -478 - -477 - (-3 - -6 - (22 + 1))?
19
What is 1 + 34 + -1853 + 1770?
-48
What is the value of 3 - 1 - -15 - (0 + (21 - 6 - 19))?
21
Calculate 0 + 60 + (-83 - (-196 - -122)).
51
Evaluate -4 + 3 + 11 - ((-72 - -53) + -9).
38
What is the value of (121 - 72) + -34 - 57?
-42
Evaluate -39 + -2 + 0 - ((-1 - 3) + 7).
-44
-15 - ((-51 - -45) + 24)
-33
51 + (-111 - -88) - -17
45
Evaluate 38 + (-6 + 19 - 42) + (19 - -1).
29
What is -41 + (258 + -246 - (2 - (1 + -2))) + 5?
-27
What is 53 - 19 - (23 - 32)?
43
What is -3 + 3 - 54 - ((50 - 25) + -32)?
-47
7 - ((49 - -47) + -11)
-78
Evaluate (17 - 28) + (3 - (-20 - -23) - -1).
-10
What is (5 - -1) + 0 + 55 + -38 + -38?
-15
What is 0 + 1 + 0 + -5 + -130 + (-35 - -77)?
-92
44 - ((-106 - -50) + 54)
46
Calculate 22 + 9 + 9 + (-35 - -12 - 0 - -3).
20
What is the value of (5 - (-11 + -8)) + -25 + 1?
0
What is -11 + 17 + (8 - (14 + -35 + 23))?
12
What is the value of 112 - 79 - (169 - 73)?
-63
Evaluate 44 + 0 + 8 + -16 + -14.
22
What is 16 + 0 + (-141 - -116 - 87) - 8?
-104
What is the value of 1648 + -1699 + (1 - -83)?
33
What is 27 + 12 - (24 - -12) - (44 - 2)?
-39
Calculate (9 - -4) + -196 + 238.
55
What is the value of 107 + -142 + (-5 - 7)?
-47
What is 13 + -15 - (-18 - -17 - -6 - 87)?
80
What is -9 - 0 - (-38 - (-15 + 7 + 21))?
42
Calculate -63 + (35 - (14 - -7 - -10)).
-59
What is -17 - -27 - 8 - 27?
-25
-40 + (12 - (-64 - -28)) + -27 + 0
-19
What is 50 - (-2 + (22 - -23)) - (-1 + 1 + 10)?
-3
0 - 10 - ((139 - -6) + -251)
96
What is the value of (-75 - -29) + 0 + 32?
-14
What is the value of -154 + 188 - (-14 - -9)?
39
What is the value of -191 - -166 - (-28 + -51)?
54
What is the value of 8 - ((46 - 2) + (-18 - -19) + 0)?
-37
Evaluate 15 - (3 + -28 + (9 - -29)).
2
What is the value of -6 + -5 + 16 + -6 + 11 + (-119 - -116)?
7
Calculate -4 - (29 + (-46 - -53)).
-40
What is the value of -38 - ((-54 - -18) + -16)?
14
Evaluate 78 + -52 + -49 + 41.
18
What is the value of (7 - (-8 + -4)) + -117 + -4 - 9?
-111
Calculate 15 + -2 - 14 - (-9 + 6 - (-1 + 5)).
6
What is the value of 29 + 5 - 0 - 6?
28
Calculate (-2 - (-56 + 23)) + (-126 - -35).
-60
Calculate -3 + (-6 - (-7 + -13) - 5) - 1.
5
(-1 + -10 - (-132 + 132)) + 18 - 44
-37
Evaluate -11 + (-8 - 1) + 4 + 49 - 4.
29
Calculate 138 - (140 - (-21 + 156)).
133
Evaluate -227 + (10 - -104) + 168.
55
What is the value of (17 - (-12 - (-13 + 20 + -54))) + -10?
-28
Evaluate (11 - (5 + 4)) + -9 + 37 + -100 + 86.
16
-31 + 32 - (159 + -79)
-79
What is the value of (-13 - 27 - 26) + 46?
-20
What is 6 - (-38 + -59 + 81)?
22
(0 - (-28 + -24)) + -6 + -9
37
What is -63 + (153 - 143) - (6 - -44)?
-103
What is the value of 2 + (-8 + 12 - 6 - 4 - -19)?
15
(-22 - -14) + -1 + 3 + -15 + 17 + 5
1
What is (-32 + 18 - 9) + 3 + 2?
-18
6 + (-6 - (12 - 5)) + 17
10
What is -9 - (53 - 49 - (2 + 8)) - (40 + -2)?
-41
Evaluate 190 + -176 + (58 + 7 - -13).
92
Calculate (-27 - (-113 + 56)) + 12.
42
What is the value of (-15 + 38 + -38 - 46) + 10?
-51
What is -39 - -84 - (33 + 21)?
-9
What is (-2 - 7) + (-184 - -196) + -10 + 53?
46
What is -45 - ((19 - (-8 - -15)) + (-17 - -12 - -6))?
-58
What is 52 + 16 + (-15 - -23 - 6)?
70
What is the value of (18 - 11 - 37) + 15?
-15
33 + (-3 - 33) - -60
57
What is the value of -13 + (3 - -9 - 11) + 5 - (-94 - -1)?
86
3 - (26 + -14 + (-17 - -20))
-12
-13 + ((-17 - -9) + 9 + 6 - (-2 + 1))
-5
25 - 57 - -51 - ((-7 - -3) + -42)
65
Evaluate 25 - (-4 - (4 - (0 - -14)) - (8 + 1)).
28
What is the value of 70 - 27 - (173 - 263)?
133
18 - (-154 - -120 - 34)
86
Calculate -17 + 2 + (-9 + -38 + 48 - (-11 + 0)).
-3
(-10 + -8 - -101 - 11) + (0 - (2 + 0))
70
Calculate 4 + 4 + 1 + 28 + -39 + -30.
-32
Calculate 12 - (-3 - ((-25 - (16 + -18)) + (-5 - 7))).
-20
What is 162 + -116 + (-120 - -216)?
142
Calculate 106 + -144 + (-17 - 0 - 10).
-65
Evaluate (-63 - (48 + -41)) + 117.
47
What is -3 + 10 - (0 - 17 - (27 + -28))?
23
What is -61 - -2 - (-872 - -793)?
20
Evaluate 11 - (310 + -259 + -5 + 3 + 3).
-41
Evaluate 0 + 49 + -2210 + 2058.
-103
Calculate -116 - (21 + 1 + -8 + -5) - -13.
-112
What is 30 - (25 + 9) - -17?
13
What is 161 + -145 - (-1 + -7)?
24
Calculate (-104 - (17 - 11)) + 13 - (-10 - -3).
-90
Calculate -6 + -49 + 19 + -7 + (5 - 2).
-40
Calculate (7 - 66) + 761 + -734.
-32
What is the value of (-221 + 233 - (-3 + (10 - 4))) + -1 + -86?
-78
34 + (-14 - (41 - 31)) + 33
43
Calculate 5 + -21 - (2 - 46 - 0).
28
What is the value of 12 - (-17 - (48 + -100))?
-23
Calculate 10 - (-59 + 119 + -135 + 30 + 3).
52
What is -99 - (-71 - (6 - -37 - 79))?
-64
Evaluate -104 - 5 - (772 - 825).
-56
What is the value of -5 + (43 - -9) + (4 - 14) + -2?
35
What is 99 - (-36 - (23 + -53 - 9))?
96
Calculate (69 - (48 + 71)) + 86.
36
130 + 8 + (-7 - (-24 + 32)) + 15
138
Calculate (-31 - -6 - 49) + 92.
18
What is the value of -2855 - -2821 - (2 + -4 + (2 - 5)) - -15?
-14
Evaluate (2 - -70 - 151) + 16 + 3.
-60
Calculate 16 - (8 - (-30 - -2)) - 24.
-44
Calculate 13 + -1 - (-949 - -980 - (-1 + 85)).
65
Calculate (0 - 95) + (9 - -7 - -4).
-75
Calculate 12 - (-1 - -5 - -1) - (1 - 8).
14
Evaluate (1 - 28) + (-82 - -87) + 0.
-22
Calculate -1 + 16 - ((-31 - -23) + -2) - (23 - 21).
23
What is ((28 - 36) + -17 - (-98 - -27)) + 0 + 15?
61
Evaluate 0 + 92 + (-18 - (-8 + 13)) + 5.
74
What is the value of 188 - 137 - ((-5 - 8) + -10)?
74
49 + (-25 - 16) + 18
26
(-1278 - -1285) + -1 + 2 + 14
22
17 + -1 - (-3038 + 3104)
-50
-1 - (1 - -54) - (28 + (-49 - (-31 + 13)))
-53
Calculate -83 - 1 - (184 + -156 - 37).
-75
Evaluate 72 + -67 + (-10 - -8) - (3 - (2 + -34)).
-32
Evaluate (30 - 43) + (-52 - (2 - (9 + -7))).
-65
Evaluate (-23 - (5 + -8 + 6)) + 11.
-15
Evaluate (-48 - -25) + 31 + -3 + -25 - -78.
58
What is the value of 36 + -18 + 76 + -113?
-19
What is the value of 55 + -98 + 30 - -33?
20
What is 10 + -12 - -60 - (0 + -9 + (-3 - -6))?
64
What is the value of 80 + -54 - 79 - -86?
33
Calculate 3 - (16 - (-168 + 80)).
-101
0 - (9 - (2 + 6 + (6 - 19) + 10))
-4
Evaluate 330 - 340 - (17 + 3).
-30
What is (-1 - 18) + (161 - 167) + 29?
4
Evaluate -170 + 116 + 33 + 19 + 3.
1
Evaluate 33 + 22 + 28 + 7.
90
What is (-278 + 274 - (-19 - 0)) + 6 + -11?
10
(7 + -34 - -13) + 19 - 87
-82
Evaluate (117 - 60) + -85 - -8.
-20
What is the value of (-3 - -4) + -3 - (36 - 29 - (11 + -19))?
-17
9 - (-2 + -2 - (62 + -57) - (-8 - 34))
-24
What is the value of (3 - (-11 + 32)) + -515 + 515?
-18
Calculate 15 - ((28 + -10 - -3) + -47).
41
What is (41 - 18) + 60 + -9?
74
What is the value of -132 + (206 - 45) + (-1 - 66)?
-38
What is (-2 - (-18 - -23) - -18) + 25?
36
What is 1814 - 1807 - ((1 - (0 - 50)) + (-3 - -1))?
-42
Calculate -5162 - -5179 - (-3 + -23 - 0).
43
What is -1 - (12 + 23 + -20) - (2 + 35)?
-53
Evaluate (17 - 43) + (22 - -68).
64
Calculate 80 - (21 - ((-20 - -29 - -13) + 21)).
102
Evaluate 1 - (-1 - 0 - -7 - (-31960 - -31957)).
-8
What is (0 - (-6 + 11) - 0) + (28 - 16) + -15?
-8
What is the value of (1 - 0) + (3 - 2) + (378 - (-329 + 603))?
106
What is the value of 30 + -24 + -56 - -28?
-22
-43 + 43 + -57 + 24 + -13 + -3 + 2
-47
What is -13 + 13 - -74 - 65?
9
What is 11 + -2 + 20 + (-8 - -11) + -7?
25
-1 - -3 - (84 - (-33 - -44) - 14)
-57
What is the value of (-130 - -164) + (-17 - (-65 + 6))?
76
What is 33 + -6 + -10 + -12 + -1?
4
Evaluate (12 - (-36 - -86)) + (15 - -1).
-22
What is the value of -17 + 31 + -23 + -12 - 2 - 57?
-80
What is 56 + (-193 - (-227 - -120))?
-30
What is (0 - -20) + -22 + (-32 - -34)?
0
Evaluate 0 - (0 - 18) - (117 + -8 + 47).
-138
What is -3172 + 3244 + -2 + 30?
100
What is (-460 - -472) + (-6 - (-1 - -3)) + (8 - 6)?
6
What is 13 + (-17 - 7) + 17 + (4 - 6 - -33)?
37
Calculate -54 - ((57 - 61) + 6 + -20 + 4).
-40
-69 - (-4 + 5 + (-16 - -29) - (-9 + 8))
-84
Evaluate 7 + 2 + (4 - 18) + 4 + -38.
-39
Evaluate (4 - 8 - (-1 + -10)) + -101 + 74.
-2